{"id":3471,"date":"2023-10-12T19:36:30","date_gmt":"2023-10-12T19:36:30","guid":{"rendered":"https:\/\/www.emiliana.cl\/?page_id=3471"},"modified":"2023-10-16T12:14:20","modified_gmt":"2023-10-16T12:14:20","slug":"chardonnay","status":"publish","type":"page","link":"https:\/\/www.emiliana.cl\/pt\/vinos\/eco\/chardonnay\/","title":{"rendered":"Chardonnay"},"content":{"rendered":"<p class=\"qtranxs-available-languages-message qtranxs-available-languages-message-pt\">Desculpe, este conte\u00fado s\u00f3 est\u00e1 dispon\u00edvel em <a href=\"https:\/\/www.emiliana.cl\/es\/wp-json\/wp\/v2\/pages\/3471\" class=\"qtranxs-available-language-link qtranxs-available-language-link-es\" title=\"Espa\u00f1ol\">Espa\u00f1ol<\/a> e <a href=\"https:\/\/www.emiliana.cl\/en\/wp-json\/wp\/v2\/pages\/3471\" class=\"qtranxs-available-language-link qtranxs-available-language-link-en\" title=\"English\">English<\/a>.<\/p>","protected":false},"excerpt":{"rendered":"<p>Desculpe, este conte\u00fado s\u00f3 est\u00e1 dispon\u00edvel em Espa\u00f1ol e English.<\/p>\n","protected":false},"author":4,"featured_media":3494,"parent":3457,"menu_order":2,"comment_status":"closed","ping_status":"closed","template":"","meta":{"footnotes":""},"class_list":["post-3471","page","type-page","status-publish","has-post-thumbnail","hentry"],"acf":[],"_links":{"self":[{"href":"https:\/\/www.emiliana.cl\/pt\/wp-json\/wp\/v2\/pages\/3471","targetHints":{"allow":["GET"]}}],"collection":[{"href":"https:\/\/www.emiliana.cl\/pt\/wp-json\/wp\/v2\/pages"}],"about":[{"href":"https:\/\/www.emiliana.cl\/pt\/wp-json\/wp\/v2\/types\/page"}],"author":[{"embeddable":true,"href":"https:\/\/www.emiliana.cl\/pt\/wp-json\/wp\/v2\/users\/4"}],"replies":[{"embeddable":true,"href":"https:\/\/www.emiliana.cl\/pt\/wp-json\/wp\/v2\/comments?post=3471"}],"version-history":[{"count":14,"href":"https:\/\/www.emiliana.cl\/pt\/wp-json\/wp\/v2\/pages\/3471\/revisions"}],"predecessor-version":[{"id":3561,"href":"https:\/\/www.emiliana.cl\/pt\/wp-json\/wp\/v2\/pages\/3471\/revisions\/3561"}],"up":[{"embeddable":true,"href":"https:\/\/www.emiliana.cl\/pt\/wp-json\/wp\/v2\/pages\/3457"}],"wp:featuredmedia":[{"embeddable":true,"href":"https:\/\/www.emiliana.cl\/pt\/wp-json\/wp\/v2\/media\/3494"}],"wp:attachment":[{"href":"https:\/\/www.emiliana.cl\/pt\/wp-json\/wp\/v2\/media?parent=3471"}],"curies":[{"name":"wp","href":"https:\/\/api.w.org\/{rel}","templated":true}]}}

<p class="qtranxs-available-languages-message qtranxs-available-languages-message-pt">Desculpe, este conteúdo só está disponível em <a href="https://www.emiliana.cl/es/wp-json/wp/v2/pages/3471" class="qtranxs-available-language-link qtranxs-available-language-link-es" title="Español">Español</a> e <a href="https://www.emiliana.cl/en/wp-json/wp/v2/pages/3471" class="qtranxs-available-language-link qtranxs-available-language-link-en" title="English">English</a>.</p>

<p>Desculpe, este conteúdo só está disponível em Español e English.</p>
