{"id":25,"date":"2020-02-12T17:42:50","date_gmt":"2020-02-12T17:42:50","guid":{"rendered":"https:\/\/emilianavineyard.com\/cms\/?page_id=25"},"modified":"2022-09-06T15:22:16","modified_gmt":"2022-09-06T15:22:16","slug":"signos-de-origen","status":"publish","type":"page","link":"https:\/\/www.emiliana.cl\/pt\/vinos\/signos-de-origen\/","title":{"rendered":"Signos de Origen"},"content":{"rendered":"<p><\/p>\n<p class=\"p1\">Este projeto foi criado para criar vinhos com caracter\u00edsticas \u00fanicas, atrav\u00e9s da sele\u00e7\u00e3o das melhores castas de nossos vinhedos. Cada vinho \u00e9 representado por um \u00edcone \u00fanico que refor\u00e7a a rela\u00e7\u00e3o entre o vinho e seu lugar de origem.<\/p>\n<p><\/p>","protected":false},"excerpt":{"rendered":"<p>Este projeto foi criado para criar vinhos com caracter\u00edsticas \u00fanicas, atrav\u00e9s da sele\u00e7\u00e3o das melhores castas de nossos vinhedos. Cada vinho \u00e9 representado por um \u00edcone \u00fanico que refor\u00e7a a rela\u00e7\u00e3o entre o vinho e seu lugar de origem.<\/p>\n","protected":false},"author":2,"featured_media":3099,"parent":7,"menu_order":7,"comment_status":"closed","ping_status":"closed","template":"","meta":{"footnotes":""},"class_list":["post-25","page","type-page","status-publish","has-post-thumbnail","hentry"],"acf":[],"_links":{"self":[{"href":"https:\/\/www.emiliana.cl\/pt\/wp-json\/wp\/v2\/pages\/25","targetHints":{"allow":["GET"]}}],"collection":[{"href":"https:\/\/www.emiliana.cl\/pt\/wp-json\/wp\/v2\/pages"}],"about":[{"href":"https:\/\/www.emiliana.cl\/pt\/wp-json\/wp\/v2\/types\/page"}],"author":[{"embeddable":true,"href":"https:\/\/www.emiliana.cl\/pt\/wp-json\/wp\/v2\/users\/2"}],"replies":[{"embeddable":true,"href":"https:\/\/www.emiliana.cl\/pt\/wp-json\/wp\/v2\/comments?post=25"}],"version-history":[{"count":19,"href":"https:\/\/www.emiliana.cl\/pt\/wp-json\/wp\/v2\/pages\/25\/revisions"}],"predecessor-version":[{"id":3103,"href":"https:\/\/www.emiliana.cl\/pt\/wp-json\/wp\/v2\/pages\/25\/revisions\/3103"}],"up":[{"embeddable":true,"href":"https:\/\/www.emiliana.cl\/pt\/wp-json\/wp\/v2\/pages\/7"}],"wp:featuredmedia":[{"embeddable":true,"href":"https:\/\/www.emiliana.cl\/pt\/wp-json\/wp\/v2\/media\/3099"}],"wp:attachment":[{"href":"https:\/\/www.emiliana.cl\/pt\/wp-json\/wp\/v2\/media?parent=25"}],"curies":[{"name":"wp","href":"https:\/\/api.w.org\/{rel}","templated":true}]}}

<p></p>
<p class="p1">Este projeto foi criado para criar vinhos com características únicas, através da seleção das melhores castas de nossos vinhedos. Cada vinho é representado por um ícone único que reforça a relação entre o vinho e seu lugar de origem.</p>
<p></p>

<p>Este projeto foi criado para criar vinhos com características únicas, através da seleção das melhores castas de nossos vinhedos. Cada vinho é representado por um ícone único que reforça a relação entre o vinho e seu lugar de origem.</p>
