{"id":107,"date":"2020-02-12T18:24:28","date_gmt":"2020-02-12T18:24:28","guid":{"rendered":"https:\/\/emilianavineyard.com\/cms\/?page_id=107"},"modified":"2025-09-15T20:54:51","modified_gmt":"2025-09-15T23:54:51","slug":"viognier","status":"publish","type":"page","link":"https:\/\/www.emiliana.cl\/pt\/vinos\/novas\/viognier\/","title":{"rendered":"VIOGNIER"},"content":{"rendered":"<p><\/p>\n<p class=\"p1\">Vinho amarelo de cor dourado. Tem aromas de frutas como damasco, grapefruit, p\u00eassego, mam\u00e3o e lichia s\u00e3o apreciados, com notas florais que sugerem um vinho fresco e frutado. Em boca \u00e9 um vinho denso e sedoso, com boa acidez natural que permite uma grande persist\u00eancia deixando sabores frutados que convidam a beber outra ta\u00e7a.<\/p>\n<p><\/p>","protected":false},"excerpt":{"rendered":"<p>Vinho amarelo de cor dourado. Tem aromas de frutas como damasco, grapefruit, p\u00eassego, mam\u00e3o e lichia s\u00e3o apreciados, com notas florais que sugerem um vinho fresco e frutado. Em boca \u00e9 um vinho denso e sedoso, com boa acidez natural que permite uma grande persist\u00eancia deixando sabores frutados que convidam a beber outra ta\u00e7a.<\/p>\n","protected":false},"author":2,"featured_media":3944,"parent":31,"menu_order":6,"comment_status":"closed","ping_status":"closed","template":"","meta":{"footnotes":""},"class_list":["post-107","page","type-page","status-publish","has-post-thumbnail","hentry"],"acf":[],"_links":{"self":[{"href":"https:\/\/www.emiliana.cl\/pt\/wp-json\/wp\/v2\/pages\/107","targetHints":{"allow":["GET"]}}],"collection":[{"href":"https:\/\/www.emiliana.cl\/pt\/wp-json\/wp\/v2\/pages"}],"about":[{"href":"https:\/\/www.emiliana.cl\/pt\/wp-json\/wp\/v2\/types\/page"}],"author":[{"embeddable":true,"href":"https:\/\/www.emiliana.cl\/pt\/wp-json\/wp\/v2\/users\/2"}],"replies":[{"embeddable":true,"href":"https:\/\/www.emiliana.cl\/pt\/wp-json\/wp\/v2\/comments?post=107"}],"version-history":[{"count":22,"href":"https:\/\/www.emiliana.cl\/pt\/wp-json\/wp\/v2\/pages\/107\/revisions"}],"predecessor-version":[{"id":3965,"href":"https:\/\/www.emiliana.cl\/pt\/wp-json\/wp\/v2\/pages\/107\/revisions\/3965"}],"up":[{"embeddable":true,"href":"https:\/\/www.emiliana.cl\/pt\/wp-json\/wp\/v2\/pages\/31"}],"wp:featuredmedia":[{"embeddable":true,"href":"https:\/\/www.emiliana.cl\/pt\/wp-json\/wp\/v2\/media\/3944"}],"wp:attachment":[{"href":"https:\/\/www.emiliana.cl\/pt\/wp-json\/wp\/v2\/media?parent=107"}],"curies":[{"name":"wp","href":"https:\/\/api.w.org\/{rel}","templated":true}]}}

<p></p>
<p class="p1">Vinho amarelo de cor dourado. Tem aromas de frutas como damasco, grapefruit, pêssego, mamão e lichia são apreciados, com notas florais que sugerem um vinho fresco e frutado. Em boca é um vinho denso e sedoso, com boa acidez natural que permite uma grande persistência deixando sabores frutados que convidam a beber outra taça.</p>
<p></p>

<p>Vinho amarelo de cor dourado. Tem aromas de frutas como damasco, grapefruit, pêssego, mamão e lichia são apreciados, com notas florais que sugerem um vinho fresco e frutado. Em boca é um vinho denso e sedoso, com boa acidez natural que permite uma grande persistência deixando sabores frutados que convidam a beber outra taça.</p>
