{"id":105,"date":"2020-02-12T18:23:50","date_gmt":"2020-02-12T18:23:50","guid":{"rendered":"https:\/\/emilianavineyard.com\/cms\/?page_id=105"},"modified":"2025-09-15T20:42:13","modified_gmt":"2025-09-15T23:42:13","slug":"chardonnay","status":"publish","type":"page","link":"https:\/\/www.emiliana.cl\/pt\/vinos\/novas\/chardonnay\/","title":{"rendered":"CHARDONNAY"},"content":{"rendered":"<p><\/p>\n<p class=\"p1\">Cor amarela com toques dourados. Tem aromas tropicais como abacaxi e mel\u00e3o doce, com notas de nozes e um pouco de baunilha. Em boca \u00e9 um vinho doce com bom volume e acidez vibrante, o que d\u00e1 um final macio e equilibrado.<\/p>\n<p><\/p>","protected":false},"excerpt":{"rendered":"<p>Cor amarela com toques dourados. Tem aromas tropicais como abacaxi e mel\u00e3o doce, com notas de nozes e um pouco de baunilha. Em boca \u00e9 um vinho doce com bom volume e acidez vibrante, o que d\u00e1 um final macio e equilibrado.<\/p>\n","protected":false},"author":2,"featured_media":3939,"parent":31,"menu_order":5,"comment_status":"closed","ping_status":"closed","template":"","meta":{"footnotes":""},"class_list":["post-105","page","type-page","status-publish","has-post-thumbnail","hentry"],"acf":[],"_links":{"self":[{"href":"https:\/\/www.emiliana.cl\/pt\/wp-json\/wp\/v2\/pages\/105","targetHints":{"allow":["GET"]}}],"collection":[{"href":"https:\/\/www.emiliana.cl\/pt\/wp-json\/wp\/v2\/pages"}],"about":[{"href":"https:\/\/www.emiliana.cl\/pt\/wp-json\/wp\/v2\/types\/page"}],"author":[{"embeddable":true,"href":"https:\/\/www.emiliana.cl\/pt\/wp-json\/wp\/v2\/users\/2"}],"replies":[{"embeddable":true,"href":"https:\/\/www.emiliana.cl\/pt\/wp-json\/wp\/v2\/comments?post=105"}],"version-history":[{"count":23,"href":"https:\/\/www.emiliana.cl\/pt\/wp-json\/wp\/v2\/pages\/105\/revisions"}],"predecessor-version":[{"id":3963,"href":"https:\/\/www.emiliana.cl\/pt\/wp-json\/wp\/v2\/pages\/105\/revisions\/3963"}],"up":[{"embeddable":true,"href":"https:\/\/www.emiliana.cl\/pt\/wp-json\/wp\/v2\/pages\/31"}],"wp:featuredmedia":[{"embeddable":true,"href":"https:\/\/www.emiliana.cl\/pt\/wp-json\/wp\/v2\/media\/3939"}],"wp:attachment":[{"href":"https:\/\/www.emiliana.cl\/pt\/wp-json\/wp\/v2\/media?parent=105"}],"curies":[{"name":"wp","href":"https:\/\/api.w.org\/{rel}","templated":true}]}}

<p></p>
<p class="p1">Cor amarela com toques dourados. Tem aromas tropicais como abacaxi e melão doce, com notas de nozes e um pouco de baunilha. Em boca é um vinho doce com bom volume e acidez vibrante, o que dá um final macio e equilibrado.</p>
<p></p>

<p>Cor amarela com toques dourados. Tem aromas tropicais como abacaxi e melão doce, com notas de nozes e um pouco de baunilha. Em boca é um vinho doce com bom volume e acidez vibrante, o que dá um final macio e equilibrado.</p>
